ime factors of 2319757380.
2, 3, 5, 47, 30467
List the prime factors of 250140516.
2, 3, 17, 1226179
List the prime factors of 81524436.
2, 3, 7, 138647
List the prime factors of 7348812388.
2, 1063, 1728319
List the prime factors of 20496777.
3, 7, 59, 71, 233
What are the prime factors of 82534129?
107, 727, 1061
List the prime factors of 272571790.
2, 5, 61, 446839
List the prime factors of 67573677.
3, 79, 285121
List the prime factors of 1420968218.
2, 710484109
What are the prime factors of 4999327306?
2, 2499663653
List the prime factors of 43150478.
2, 7, 440311
List the prime factors of 37386523.
23, 1625501
What are the prime factors of 76236671?
7, 41, 109, 2437
List the prime factors of 423453960.
2, 3, 5, 392087
What are the prime factors of 45795174?
2, 3, 331, 23059
List the prime factors of 2421297204.
2, 3, 201774767
List the prime factors of 161999365.
5, 11, 29, 47, 2161
What are the prime factors of 68691789?
3, 227, 33623
List the prime factors of 3997165546.
2, 11, 19, 431, 2017
What are the prime factors of 758354500?
2, 5, 1516709
List the prime factors of 7688420268.
2, 3, 1831, 349919
List the prime factors of 43007997.
3, 1523, 9413
What are the prime factors of 1705864017?
3, 11, 13, 139, 28607
List the prime factors of 750194744.
2, 13, 79, 91309
List the prime factors of 579564462.
2, 3, 101, 956377
List the prime factors of 6823805588.
2, 107, 15943471
List the prime factors of 2675113127.
2675113127
List the prime factors of 53484347.
7, 7640621
What are the prime factors of 84454391?
7, 359, 4801
What are the prime factors of 103117796?
2, 859, 30011
What are the prime factors of 34116620?
2, 5, 17, 100343
What are the prime factors of 910962595?
5, 17, 109, 98323
What are the prime factors of 235996678?
2, 61, 1934399
List the prime factors of 609614087.
953, 639679
List the prime factors of 47030583.
3, 67, 233983
What are the prime factors of 26985875?
5, 7, 30841
List the prime factors of 49982131.
257, 194483
What are the prime factors of 770919370?
2, 5, 13, 59, 100511
List the prime factors of 22209568.
2, 47, 14767
List the prime factors of 13945317.
3, 29, 79, 2029
List the prime factors of 36116809.
36116809
What are the prime factors of 1222171836?
2, 3, 131, 777463
What are the prime factors of 78702723?
3, 11, 29, 79, 347
What are the prime factors of 56781045?
3, 5, 1261801
What are the prime factors of 143404724?
2, 17, 23, 91691
What are the prime factors of 27345267?
3, 3038363
List the prime factors of 26088806.
2, 29, 449807
List the prime factors of 14663118.
2, 3, 367, 6659
List the prime factors of 3777479760.
2, 3, 5, 227, 69337
List the prime factors of 2393567172.
2, 3, 7387553
What are the prime factors of 80954590?
2, 5, 8095459
List the prime factors of 533245662.
2, 3, 23, 1288033
List the prime factors of 5610113409.
3, 277, 2383, 2833
What are the prime factors of 75839801?
75839801
What are the prime factors of 26177894?
2, 29, 451343
What are the prime factors of 785064896?
2, 7, 11, 17, 9371
What are the prime factors of 49546287?
3, 7, 786449
What are the prime factors of 41999029?
41999029
List the prime factors of 481974575.
5, 19278983
What are the prime factors of 247577854?
2, 229, 241, 2243
What are the prime factors of 155582211?
3, 31, 1672927
List the prime factors of 1197029624.
2, 7, 37, 82531
List the prime factors of 586936266.
2, 3, 7, 61, 229093
List the prime factors of 1615463377.
11, 3433, 3889
What are the prime factors of 21921012?
2, 3, 53, 11489
List the prime factors of 9893503.
9893503
What are the prime factors of 1473955983?
3, 163772887
List the prime factors of 1464458107.
7, 209208301
List the prime factors of 1127360231.
19, 41, 1447189
What are the prime factors of 53541571?
389, 137639
List the prime factors of 60511285.
5, 41, 59, 5003
What are the prime factors of 860979133?
7, 122997019
What are the prime factors of 245625059?
31, 2707, 2927
What are the prime factors of 376987847?
376987847
List the prime factors of 245754046.
2, 7237, 16979
What are the prime factors of 60324007?
17, 3548471
What are the prime factors of 78545218?
2, 39272609
What are the prime factors of 83269558?
2, 2591, 16069
What are the prime factors of 1421764013?
1421764013
What are the prime factors of 97508800?
2, 5, 60943
What are the prime factors of 692352505?
5, 13, 10651577
List the prime factors of 2057627027.
2057627027
List the prime factors of 36022148.
2, 67, 257, 523
What are the prime factors of 5338794668?
2, 11093, 120319
List the prime factors of 50996017.
53, 163, 5903
What are the prime factors of 957754692?
2, 3, 2956033
What are the prime factors of 80522195?
5, 13, 23, 53861
List the prime factors of 2101255728.
2, 3, 11, 13, 107, 2861
List the prime factors of 200531274.
2, 3, 43, 491, 1583
List the prime factors of 503857884.
2, 3, 19, 2209903
What are the prime factors of 2355603066?
2, 3, 43622279
List the prime factors of 275602304.
2, 191, 11273
List the prime factors of 220936623.
3, 43, 211, 8117
What are the prime factors of 6463049142?
2, 3, 11, 97924987
List the prime factors of 5127679460.
2, 5, 8543, 30011
List the prime factors of 445510040.
2, 5, 131, 85021
What are the prime factors of 2327064518?
2, 2927, 397517
What are the prime factors of 80260933?
61, 409, 3217
List the prime factors of 1933284378.
2, 3, 1873, 172031
List the prime factors of 61174327.
59, 1036853
List the prime factors of 1460730006.
2, 3, 81151667
What are the prime factors of 75501001?
75501001
List the prime factors of 2060868178.
2, 9923, 103843
List the prime factors of 153820742.
2, 79, 499, 1951
List the prime factors of 2098660803.
3, 419, 1669579
List the prime factors of 27966349.
27966349
What are the prime factors of 174942310?
2, 5, 19, 73, 12613
List the prime factors of 343951793.
343951793
List the prime factors of 1273965708.
2, 3, 29, 31, 269, 439
List the prime factors of 1110856956.
2, 3, 11, 59, 12967
List the prime factors of 681899991.
3, 227299997
List the prime factors of 2541532121.
61, 41664461
List the prime factors of 2123447788.
2, 7, 11, 811, 8501
What are the prime factors of 159297862?
2, 19, 23, 97, 1879
List the prime factors of 26634093.
3, 29, 306139
What are the prime factors of 235551303?
3, 13, 17, 19, 23, 271
What are the prime factors of 2405202825?
3, 5, 137, 234083
List the prime factors of 165569859.
3, 7, 13, 79, 853
What are the prime factors of 1966066877?
1966066877
What are the prime factors of 122502299?
122502299
List the prime factors of 13104024.
2, 3, 546001
List the prime factors of 61710381.
3, 191, 35899
List the prime factors of 1254761980.
2, 5, 62738099
What are the prime factors of 3446572750?
2, 5, 41, 336251
What are the prime factors of 34764100?
2, 5, 7, 49663
What are the prime factors of 505261908?
2, 3, 19, 73, 3373
What are the prime factors of 86486681?
86486681
What are the prime factors of 34992979?
7, 4998997
List the prime factors of 43997327.
11, 1153, 3469
List the prime factors of 1480544935.
5, 3229, 91703
What are the prime factors of 563130536?
2, 71, 991427
What are the prime factors of 5031092470?
2, 5, 1753, 286999
List the prime factors of 2396725918.
2, 1198362959
What are the prime factors of 1835341078?
2, 9433, 97283
What are the prime factors of 442748735?
5, 11, 13, 19, 23, 109
List the prime factors of 946724637.
3, 53, 193, 30851
List the prime factors of 52017978.
2, 3, 1999, 4337
What are the prime factors of 482110297?
29, 263, 63211
List the prime factors of 37012940.
2, 5, 613, 3019
What are the prime factors of 3806131369?
43, 89, 101, 229
What are the prime factors of 31943015?
5, 13, 503, 977
What are the prime factors of 78246135?
3, 5, 11, 52691
List the prime factors of 6154052.
2, 521, 2953
List the prime factors of 36940048.
2, 17, 67, 2027
List the prime factors of 87975445.
5, 1033, 17033
What are the prime factors of 29488440?
2, 3, 5, 31, 7927
What are the prime factors of 282181475?
5, 41, 275299
What are the prime factors of 122821040?
2, 5, 73, 21031
What are the prime factors of 157357346?
2, 78678673
List the prime factors of 149231433.
3, 13, 1423, 2689
What are the prime factors of 4609764386?
2, 2304882193
List the prime factors of 308